9
What is the value of -9 - (3 + 3 - 11 - (-16 - -3))?
-17
What is (-1 - 4) + 100 + -82?
13
Calculate 4 + 5 + (-153 - -131).
-13
Evaluate 15 - (-8 + 0 + 21).
2
Calculate -1 + -5 + 138 + -127.
5
0 + (-5 + 7 - (-5 + 7)) - 6
-6
What is (-6 + 24 - -13) + -33?
-2
Calculate (15 - (0 + 4)) + (-2 + 14 - 12).
11
What is -1 - (-10 + 12) - (5 + 11)?
-19
What is -4 - (17 - (50 + -15))?
14
What is the value of (2 - -5) + -13 + 13?
7
Calculate 0 + 16 + 0 - (3 + 2 + 2).
9
What is (9 - (1 - 10)) + -9?
9
Calculate 14 + ((2 - 7) + 12 + -6 - 7).
8
Calculate (-48 - -9) + 22 - -28.
11
Calculate 6 + (-7 - (7 - (5 + 9))).
6
What is the value of -7 - (1 + (-12 - (-4 - (3 - 8))))?
5
-82 + 63 - (2 - (0 - (4 - 3)))
-22
Evaluate -6 + (-6 - (-10 + 7)) - 12.
-21
What is the value of (-21 - -10) + (-4 - -2) + (4 - 1)?
-10
Evaluate -2 - 2 - ((-1 - -5) + -4) - -18.
14
Evaluate 7 + (8 + -10 + 11 - 0).
16
0 - (-3 - ((4 - 5) + (3 - -3)))
8
Calculate -9 + 4 + (-34 - -10) + 10.
-19
What is 0 + 4 + -5 + -1 + -17?
-19
(0 - -2) + (23 - (19 + -16))
22
What is the value of (-45 - (9 + -6)) + 8 + -2?
-42
What is (-48 - -32) + 1 + 5?
-10
What is 5 + -8 + 28 - 4?
21
Calculate 0 - ((8 - 0) + 0 + -5 + 3).
-6
What is -6 + (9 - 6) + 4 + 0 + 0?
1
Calculate 1 + 0 + 1 + -17 + 0 + 4.
-11
8 + (-1 - -7) - 7 - (-2 + -12)
21
Calculate 25 + (-19 - 0 - (-33 + 22)).
17
What is 1 + (-8 + 1 - -6)?
0
What is 8 + -5 + 2 - -10 - (6 - -3)?
6
What is the value of (4 - 58) + 33 - -33?
12
25 - 33 - -11 - (-1 + 13) - 5
-14
What is the value of (-26 - -39 - (-3 + -8)) + -10?
14
What is (-2 + 2 - (0 + 1)) + (-424 - -434)?
9
What is -3 - (16 + -28 + 12) - 29?
-32
Evaluate 3 + -34 + (-15 - -32) - (6 + 0).
-20
(7 - (-14 - (-13 - -6) - -7)) + -2
5
Evaluate (4 + 2 - (34 - (-3 + 21))) + 8.
-2
What is the value of (-15 - -7) + 1 + -2 + 7?
-2
What is the value of (-3 + (10 - 21) - -9) + (0 - -1)?
-4
Evaluate -4 + 3 + 1 + -1 + 5 + -18.
-14
What is the value of -3 - -2 - -6 - (-3 + 9 - -15)?
-16
Evaluate (9 - 15 - -15) + -4 + 3 + 1.
9
-3364 - -3343 - (-1 - (-15 - 0))
-35
Evaluate 5 + (-25 - (9 + -5 + 2 - 1)).
-25
(27 - 16) + -12 + -5
-6
1 - (-8 - -7) - (-1 - -15)
-12
What is the value of -14 + (28 - -11) - (-5 - (-2 - 3))?
25
What is -5 + 5 + (3 - (4 + -8))?
7
What is the value of 132 - 124 - (20 - 0)?
-12
What is -310 + 308 + (1 - -7)?
6
What is 14 + -7 + -8 - (1 + -6 + -1)?
5
Evaluate (23 - 13) + -7 + 3 + 1 + -3.
4
Evaluate 5 + -13 + 3 + -1 - 7.
-13
Calculate -4 - (-3 - (17 - 11)).
5
Evaluate 28 + 0 + 1 + -7 + (180 - 180).
22
What is the value of -16 - (-14 + 2 - (16 - 20))?
-8
Evaluate 7 - 0 - (1 + -4 + (70 - 50)).
-10
Calculate 2 + (7 - (12 - 14)).
11
0 + -1 + (-184 - -179) + (14 - -1)
9
Calculate 12 - (2 + -1) - 20.
-9
Calculate (21 - -2) + -45 + 42.
20
Calculate -23 + 1 + (40 - -1).
19
What is 22 + -6 + -1 + (-3 - 4)?
8
(-37 + 22 + 10 - 3) + -8 + -2
-18
What is the value of -1 + (5 - 2) + (-36 - 6) + 40?
0
(18 - -1) + (14 - (-21 - -44))
10
Calculate 0 - (23 - 17) - 0.
-6
What is 8 - (-6 + (-10 - -12 - -2))?
10
What is the value of (-14 - 3) + 1 + 29 - 7?
6
What is -16 - -2 - (-6 - (3 - (0 - -5)))?
-10
Calculate (4 - (-2 - -2)) + 3 - (2 - 5).
10
What is the value of 11 + -3 - (3 - (0 + -4) - 3)?
4
What is 0 + 18 + -32 + -1 + 1 + -1?
-15
What is -2 + 0 + -1 + 4 + -2 + 5?
4
Evaluate (-1 + -8 + 9 - -20) + -9.
11
What is the value of 5 - (10 - (33 - 4)) - 6?
18
What is the value of (4 - 4) + (20 - (23 + -28))?
25
What is the value of 2 - -6 - (56 + -32)?
-16
(17 - 34 - -24) + -8 - (9 + 0)
-10
(-2 - 0 - 1) + -136 + 125
-14
Evaluate 23 - (4 + 6) - 13.
0
What is (42 - 83) + (5 - (-4 - 3))?
-29
8 + (-82 - -69 - (0 - 15))
10
Calculate 6 + -16 + 9 - -17.
16
-3 + -5 - (-14 - (-20 - -12)) - -2
0
Calculate -1 - -17 - 14 - 54 - -18.
-34
Evaluate -38 + 35 - (-1 + (-5 + 4 - -2)).
-3
Evaluate 7 - (16 + (-8 - 1)) - (-15 - -2).
13
What is the value of 9 + (8 - 3 - (7 + -1))?
8
Evaluate (-13 - (2 + -2 + -11)) + 14.
12
Evaluate -41 + 61 + 6 + 1.
27
1 - ((12 - 9) + -3) - 5
-4
7 + (3 - (4 - 6)) - 8
4
What is (-15 - 18 - -16) + 9 + -1?
-9
Evaluate (5 - (28 - 12)) + 8.
-3
Evaluate -5 - (-40 - (-15 - -12) - -14).
18
What is 16 + -2 + -3 + -20?
-9
Calculate -61 - -81 - (31 + -7).
-4
What is -18 + 7 + 13 - 9 - (-1 + 1)?
-7
What is the value of 0 + -4 + 3 + -37 + 31 - -1?
-6
What is 3 - (56 + -13) - -11?
-29
Evaluate (-5 - (6 - 16)) + 7 + (0 - -25).
37
What is 26 - 15 - (15 + 1)?
-5
Evaluate (13 - (5 - -2)) + (-108 - -128).
26
Evaluate 1 + 43 + -6 - 18.
20
What is the value of 3 - -1 - (-107 + 114)?
-3
Evaluate -6 + 15 + (3 - 8 - -3).
7
What is the value of 8 - (8 + -15 + (23 - -3))?
-11
Evaluate (0 - 2) + (27 - 22).
3
Evaluate (-88 - -37 - -32) + (-2 - -33).
12
Calculate (61 - 69) + (11 - 1).
2
What is 21 - (20 + -24 + 11)?
14
Evaluate (-11 - 0 - -2) + 17 - 23.
-15
What is 0 + -7 + -5 + 5 - (6 - 19)?
6
Calculate 2 + 20 + -10 + -19.
-7
What is 23 + (-5 - -1 - (7 - (4 + 2)))?
18
7 - -7 - (-2 + -10 + 23)
3
0 - (36 - (-4 + 13 + -6 + 6))
-27
Calculate -14 - (-7 + 2 - ((-5 - -3) + 4)).
-7
(27 - 21 - (0 - -1)) + -15
-10
Calculate -9 + 4 + -3 + (39 - 23).
8
Evaluate 8 + -27 + 3 + 8.
-8
What is the value of (-1 + -6 + 10 - 3) + -2?
-2
Calculate 3 - ((-18 - -1) + (-8 - -25 - 15)).
18
Evaluate 31 + 11 + -21 - (-3 + (0 - 1)).
25
What is the value of 14 - (-15 - -25) - 1?
3
-80 - (-38 + 30 - 38)
-34
Evaluate -8 - (20 + -12 - (-5 + 33)).
12
What is the value of -30 - (38 + (-2 - 27))?
-39
What is the value of 0 + (-10 - -3) - -6 - 7?
-8
Evaluate 15 + 2 + 18 - 9 - 18.
8
What is (-86 - -69) + -14 + 11?
-20
Calculate 3 + (1 - 3) + -41 + (4 - -35).
-1
What is (-6 + 9 - 3) + (-1 - 3) + 17?
13
What is the value of 0 + (21 - 7) - (66 + -63)?
11
What is (-3 - 7) + 2 - 4?
-12
49 + -28 - 20 - (-16 + (5 - 2))
14
2 + 4 + -1 + -17 + 28 + -24
-8
Evaluate ((16 - -2) + 30 + -34 - 5) + -3.
6
What is 5 - (14 - 6 - (4 + 3))?
4
Evaluate 0 + 1 + (9 - 0) + -6.
4
-14 - (-11 + 2) - (5 - 7 - -5)
-8
Calculate 15 + (1 - (7 + -7 + -3 + 2)).
17
36 - (6 - -46) - (1 - (7 - 1))
-11
What is (45 - 53) + (1 - 1) + -10?
-18
What is the value of 5 + (-2 - 22) + 7 + 3 + -4?
-13
0 - (-2 - -4) - (-54 - -42)
10
What is the value of 10 + -42 + 15 - -25?
8
Calculate 33 + (-13 - (-1 - 3)) + -8.
16
Evaluate 2 + -20 + -1 + 14.
-5
What is -25 + -21 + 21 + 3?
-22
What is -2 - (0 - (-11 + (0 - -3))) - 8?
-18
(-18 - -10) + 5 - (-11 + 5)
3
What is the value of 24 + -64 + 38 + 1 + -3 + -15?
-19
Calculate 16 - -1 - (-74 - -83).
8
Evaluate -11 + 11 + (1 - 1) + 0 + 6.
6
What is -35 + (5 - (-7 - -5)) + 25 + -16?
-19
Evaluate 2 - (14 + -17 - 2).
7
(-4 - 0) + (-12 - (7 + -12))
-11
-12 - ((-1 - 1) + -3 - (25 - 32))
-14
What is 32 - 8 - 29 - -19?
14
Calculate 6 + -5 - (23 + 0 + -18).
-4
-13 + (1 + -6 - -2 - -4 - 2)
-14
Calculate 54 + -57 + (0 + -1 - 1) + -2.
-7
Evaluate (-13 - -6) + (1 - 4 - -22).
12
Calculate -2 + 0 + 11 + 3 + -11 - 6.
-5
Calculate (-3 - 3) + (-1 - (13 + -3 + -3)).
-14
What is the value of (-886 - -888) + (1 - (-14 + 2))?
15
(2 - -2) + (3 + -1 + -6 - 4)
-4
Evaluate 10 + 0 + -16 - (5 - 6).
-5
Calculate -6 + 0 + 5 + (8 - 5) + -5.
-3
Calculate -4 + (-16 - (1 - 18)).
-3
What is -8 - (-5 - (1 - (3 + -8)))?
3
-34 - (20 - (6 + 37))
-11
Calculate 7 - ((-6 - -10) + -4).
7
Calculate -10 + 6 + -5 + -6 + 4.
-11
-9 + -19 - 8 - (-11 + -5 - -8)
-28
3 + 5 + -10 + (-6 - -33)
25
What is -19 + (-5 - -12 - 0) - (5 - 11)?
-6
What is the value of 18 + (-4 + -5 - 12)?
-3
What is 7 - -3 - (15 - (19 + -6))?
8
What is the value of -2 + -11 + (2 - -7) + 9?
5
-3 + (11 - (13 - 15)) + -42
-32
Calculate (-8 - 3 - 5) + 7.
-9
Evaluate -4 + (1 - -13 - (-78 + 96)).
-8
What is 3 - (5 - 4) - (-13 - -5)?
10
6 + (-11 - -8 - 6)
-3
What is (-2 - (4 + -7 + -6 - -3)) + 16?
20
(2 + 0 + 16 + -14 - -2) + 4
10
What is the value of 2 + -8 - (-18 - ((-16 - -23) + -18))?
1
What is 0 + -7 + (-3 - 6) + -1 - -1?
-16
What is the value of 0 + 3 + (-2 + -1 - 6)?
-6
Evaluate 1 + 1 + 0 + 13 + 1 + -18.
-2
Calculate -19 + 0 + -13 + 4 + 8.
-20
-9 + (-7 - 5 - -21) + 3 + 4
7
(-2 + 3 - 1) + (-40 - -71) + -33
-2
Evaluate (1 - (0 - -2)) + (-867 - -869).
1
Calculate (-1 - -8) + -2 - -1 - -8.
14
Calculate -1 - (-13 + 2) - (-38 + 47).
1
Calculate -8 + (-3 - (-6 - -7)) + 5 + 0.
-7
(65 - 6) + -25 - (0 - -6)
28
Evaluate -18 + 2 - ((20 - -13) + -29).
-20
What is 11 - (